False
Is 6 a factor of 1291276?
False
Is 16 a factor of 1703363?
False
Is 335133 a multiple of 2?
False
Is 133 a factor of 2089696?
True
Is 171292 a multiple of 374?
True
Is 76 a factor of 879016?
True
Does 34 divide 2207798?
False
Is 341 a factor of 556915?
False
Is 270684 a multiple of 70?
False
Is 86106 a multiple of 381?
True
Is 12 a factor of 59712?
True
Does 7 divide 869340?
False
Is 233 a factor of 1073679?
False
Is 122 a factor of 1101172?
True
Does 46 divide 562166?
True
Does 445 divide 1050200?
True
Does 17 divide 2033338?
False
Is 1319221 a multiple of 79?
True
Is 15158135 a multiple of 1642?
False
Does 3 divide 41354?
False
Is 197303 a multiple of 1033?
True
Does 68 divide 3783255?
False
Does 5 divide 1437445?
True
Is 65 a factor of 19354862?
False
Is 10672 a multiple of 4?
True
Is 57979 a multiple of 4?
False
Does 8 divide 153810?
False
Does 14 divide 143150?
True
Is 23 a factor of 54434?
False
Is 34 a factor of 699666?
False
Is 194787 a multiple of 50?
False
Is 90552 a multiple of 49?
True
Does 20 divide 63485?
False
Is 1952629 a multiple of 104?
False
Is 6 a factor of 693400?
False
Is 1640899 a multiple of 19?
False
Does 43 divide 310115?
False
Is 7 a factor of 108498?
False
Does 58 divide 1100782?
True
Does 57 divide 119720?
False
Is 14 a factor of 4284?
True
Is 15 a factor of 2233778?
False
Does 80 divide 165920?
True
Is 147680 a multiple of 20?
True
Is 439 a factor of 9339725?
True
Does 4 divide 1982804?
True
Is 11 a factor of 946?
True
Does 12 divide 59400?
True
Is 433836 a multiple of 103?
True
Is 94 a factor of 2621261?
False
Does 594 divide 50157?
False
Is 145560 a multiple of 2?
True
Does 9 divide 11489?
False
Is 81 a factor of 417069?
True
Does 6 divide 31752?
True
Does 196 divide 122696?
True
Is 7 a factor of 184479?
False
Does 9 divide 7380?
True
Is 364761 a multiple of 3?
True
Is 131142 a multiple of 7?
False
Does 119 divide 342839?
True
Does 46 divide 1127179?
False
Does 2 divide 1627?
False
Is 17629 a multiple of 61?
True
Does 4 divide 833864?
True
Is 431 a factor of 1035262?
True
Does 126 divide 57960?
True
Does 46 divide 4771580?
True
Is 267 a factor of 13110647?
False
Is 454422 a multiple of 15?
False
Does 1004 divide 3866404?
True
Is 20016 a multiple of 18?
True
Is 971090 a multiple of 95?
True
Is 447776 a multiple of 2?
True
Is 765002 a multiple of 53?
True
Is 24 a factor of 435000?
True
Is 16 a factor of 642704?
True
Does 41 divide 5597484?
True
Does 107 divide 2622249?
True
Does 223 divide 1821464?
True
Does 7 divide 142492?
True
Is 579 a factor of 10414495?
False
Does 10 divide 6957964?
False
Does 91 divide 12831?
True
Is 211 a factor of 1399647?
False
Is 7 a factor of 277606?
True
Does 14 divide 319578?
True
Is 711 a factor of 837717?
False
Is 128749 a multiple of 58?
False
Does 322 divide 5336861?
False
Is 50 a factor of 1395207?
False
Is 157194 a multiple of 81?
False
Is 4038954 a multiple of 79?
True
Is 6 a factor of 403107?
False
Is 160 a multiple of 16?
True
Is 778829 a multiple of 216?
False
Does 9 divide 134685?
True
Does 15 divide 1330813?
False
Is 4 a factor of 65205?
False
Is 9423466 a multiple of 586?
True
Does 754 divide 161937?
False
Is 519 a factor of 5557452?
True
Is 1080455 a multiple of 18?
False
Does 5 divide 122937?
False
Is 474240 a multiple of 195?
True
Is 5933064 a multiple of 1076?
True
Is 13 a factor of 417742?
True
Is 174 a factor of 25221822?
True
Is 473 a factor of 13292?
False
Does 17 divide 8221967?
False
Is 33 a factor of 2203773?
True
Does 962 divide 5065892?
True
Is 15 a factor of 7443566?
False
Is 19312 a multiple of 272?
True
Does 12 divide 5764261?
False
Does 38 divide 153102?
True
Is 245 a factor of 1933050?
True
Is 1728048 a multiple of 5?
False
Is 55 a factor of 252340?
True
Is 189297 a multiple of 6?
False
Does 562 divide 115210?
True
Is 62 a factor of 151345?
False
Is 485883 a multiple of 36?
False
Is 28 a factor of 835772?
True
Is 88 a factor of 179608?
True
Is 17 a factor of 882487?
True
Is 35 a factor of 27159?
False
Is 1179 a factor of 2815678?
False
Does 439 divide 4856720?
False
Is 299 a factor of 220363?
True
Does 384 divide 24988706?
False
Is 3 a factor of 370276?
False
Is 2914780 a multiple of 20?
True
Does 2 divide 2576022?
True
Does 116 divide 234088?
True
Is 86231 a multiple of 10?
False
Is 171 a factor of 12274893?
True
Is 171598 a multiple of 119?
True
Is 39 a factor of 381129?
False
Is 298903 a multiple of 9?
False
Is 18320 a multiple of 2?
True
Is 6 a factor of 57198?
True
Does 19 divide 461607?
False
Is 518301 a multiple of 21?
True
Is 198 a factor of 494604?
True
Does 5 divide 12950?
True
Is 7303268 a multiple of 119?
True
Is 121968 a multiple of 66?
True
Is 260 a factor of 1424923?
False
Does 27 divide 6814686?
False
Is 563956 a multiple of 196?
False
Does 717 divide 1376064?
False
Does 407 divide 14260025?
False
Is 19 a factor of 1075571?
True
Is 162 a factor of 2775870?
True
Does 29 divide 5423?
True
Does 201 divide 2996499?
False
Does 12 divide 459261?
False
Is 163371 a multiple of 59?
True
Is 2084337 a multiple of 32?
False
Is 155835 a multiple of 3?
True
Is 670032 a multiple of 88?
True
Is 887 a factor of 88700?
True
Does 12 divide 138024?
True
Is 3923683 a multiple of 1070?
False
Is 703920 a multiple of 15?
True
Is 808085 a multiple of 55?
False
Does 22 divide 108619?
False
Does 24 divide 1833114?
False
Does 14 divide 18438?
True
Is 104 a factor of 5576584?
True
Is 291 a factor of 3879612?
True
Is 62620 a multiple of 124?
True
Does 562 divide 9038646?
True
Does 24 divide 7512?
True
Is 328105 a multiple of 241?
False
Does 24 divide 244083?
False
Is 491806 a multiple of 7?
True
Does 9 divide 211867?
False
Is 4989080 a multiple of 296?
True
Is 26 a factor of 50501?
False
Is 110 a factor of 646519?
False
Is 364362 a multiple of 6?
True
Does 26 divide 1836588?
True
Is 1066 a factor of 9356282?
True
Is 6 a factor of 105756?
True
Does 2 divide 226091?
False
Does 180 divide 14795386?
False
Is 52 a factor of 825278?
False
Is 390152 a multiple of 333?
False
Is 1064378 a multiple of 14?
True
Does 145 divide 4343444?
False
Is 1193308 a multiple of 5?
False
Is 270 a factor of 5133081?
False
Is 109496 a multiple of 470?
False
Does 407 divide 3487628?
False
Is 1003441 a multiple of 317?
False
Does 180 divide 11869843?
False
Does 11 divide 529859?
True
Is 209 a factor of 28842?
True
Is 127 a factor of 144285?
False
Is 48 a factor of 317329?
False
Is 463044 a multiple of 47?
True
Does 4 divide 10311?
False
Is 2498145 a multiple of 345?
True
Is 2405385 a multiple of 5?
True
Is 15 a factor of 22126?
False
Is 1297 a factor of 13123046?
True
Does 120 divide 3514040?
False
Does 7 divide 12725?
False
Is 230959 a multiple of 73?
False
Is 3 a factor of 4674?
True
Does 14 divide 1420510?
True
Is 1546524 a multiple of 252?
True
Is 5876728 a multiple of 121?
True
Is 56 a factor of 3808112?
True
Does 25 divide 762164?
False
Is 196 a factor of 59891?
False
Is 210 a multiple of 3?
True
Does 14 divide 80207?
False
Does 17 divide 215016?
True
Does 465 divide 417671?
False
Does 39 divide 6675403?
False
Is 390 a factor of 507120?
False
Is 55 a factor of 585735?
False
Does 170 divide 1108570?
True
Does 569 divide 531446?
True
Does 96 divide 23273?
False
Is 14 a factor of 169574?
False
Is 75306 a multiple of 14?
True
Is 295562 a multiple of 17?
True
Is 2830238 a multiple of 382?
True
Does 83 divide 159580?
False
Is 113 a factor of 298599?
False
Is 1171 a factor of 3304575?
False
Does 9 divide 38330?
False
Is 63 a factor of 3107397?
False
Is 97929 a multiple of 117?
True
Is 57664 a multiple of 272?
True
Does 118 divide 1337713?
False
Does 16 divide 646832?
True
Is 37 a factor of 3419688?
True
Does 809 divide 1153634?
True
Is 720 a factor of 10931562?
False
Does 181 divide 559670?
False
Is 95 a factor of 1511257?
False
Is 172200 a multiple of 205?
True
Is 247210 a multiple of 173?
False
Is 355482 a multiple of 33?
False
Is 36046 a multiple of 23?
False
Does 36 divide 1802802?
False
Is 36064 a multiple of 41?
False
Is 185 a factor of 12092682?
False
Does 6 divide 2270391?
False
Is 17 a factor of 1873859?
True
Is 1048869 a multiple of 23?
True
Is 65 a factor of 5004?
False
Is 244 a factor of 1042809?
False
Is 16 a factor of 5482?
False
Does 28 divide 11476818?
False
Is 56 a fac